b. Let x(v) = 2 - 6*v**3 + 3*v**3 + 2*v**2 + v**3. What is x(b)?
-6
Let m(n) = 2*n - 3. Let i be m(2). Suppose 0 = -p - i + 4. Let v(l) = l + 0*l**2 - 5*l**3 + 1 + 4*l**p + 3*l**2. What is v(3)?
4
Let w = 34 - 32. Let m(l) = 4*l - 3*l - 3 + l. What is m(w)?
1
Suppose 2 = 7*m - 26. Let l(t) = 3*t - 6. Calculate l(m).
6
Let y(r) = r**2 - 6*r + 5. Let j be y(6). Let h = j + -1. Let m(f) be the third derivative of -f**6/120 + f**5/15 - f**4/12 + f**3/2 - 2*f**2. What is m(h)?
-5
Let z(w) = 15*w**2 - 4*w - 25*w**2 + 5*w + 17*w**3 + 9*w**2. Determine z(1).
17
Let i = 1 + 3. Suppose -d = i*d - 10. Let g(q) = -3 - d*q**2 - 1 + 0 - 2*q**2 - q**3. Calculate g(-4).
-4
Let p(v) = v**2 - 8*v + 8. Let o be p(7). Let m be (-4)/(-10) + (-16)/(-10). Let r(t) = m + o - 6 + t. Calculate r(-3).
-6
Let r(i) = i**2 + 3*i + 2. Let p = 22 + -15. Let s(k) = -k**3 + 8*k**2 - 7*k - 4. Let y be s(p). Calculate r(y).
6
Let m(r) = -2 + 2*r - 1 + 4. Let z be m(1). Let w(s) = s**3 - 2*s**2 - 4*s - 1. Calculate w(z).
-4
Let d(i) = -i**3 - 2*i - 4 + 4*i**2 + 0*i + 1 + 0*i. Suppose 0 = -t + 2, 4*t = -4*f - 0*t + 20. What is d(f)?
0
Let s(q) be the second derivative of q**4/6 - q**3/3 - q**2 + 3*q. What is s(-2)?
10
Let q be 10/(-25) - 37/(-5). Suppose -3*k - 33 = 4*j - q*j, k + 5 = 0. Let d(n) = 3*n + 2 - n - 8. Give d(j).
6
Suppose -n = n - 10. Let a(x) = -x**2 + 5*x + 3. Let g be a(n). Let v(p) = g*p**2 - p - 1 + p**3 - p - 1. Determine v(-3).
4
Let v(a) be the second derivative of a**5/20 + 5*a**4/12 + a**3/3 + 7*a**2/2 - a. Let y = -9 + 24. Suppose -5*r - 10 = y. Calculate v(r).
-3
Let j(h) = 2*h**3 - h**2 - 2. Suppose 4*u = 3*u + 4. Suppose 0*o = -u*o + 8. Give j(o).
10
Let o(u) = -u**3 - 2*u**2 - u + 1. Let s be 39*(2/(-3))/(-1). Suppose s + 29 = 5*m. Let j = 9 - m. What is o(j)?
3
Suppose -2*f + f = f. Let t(j) = j**3 + j**2 + j - 4. What is t(f)?
-4
Let g(t) = t**2 - 2. Let z(r) = r**2 - 10. Let d be z(0). Let v be (-16)/(-12) + d/3. What is g(v)?
2
Let x(a) = a + 2. Suppose -9 = -3*p - 2*n, 6 = 3*p + n + 2*n. Suppose 4*j - 9 = -5*s + 7*j, -3*j = -s - 3. Let f = p - s. What is x(f)?
4
Let y(m) be the first derivative of -m**3/3 + 3*m + 3. Let v(z) = -z**2 + 8*z - 7. Suppose -3*j = -4*j, 0 = c + j - 7. Let f be v(c). Give y(f).
3
Let u = 6 - -2. Suppose t = 3*x - u, -3*x - 5*t + 17 = x. Let a(m) = -5 + 0*m + 7*m - 3*m - 3*m. Calculate a(x).
-2
Let q(m) = -2*m - 1. Let z be (20 - 23)/(-2 + 1). What is q(z)?
-7
Suppose -4*i + 3*i + 1 = 0. Suppose -w + 5*w - 12 = 0. Let n(x) = -1 - w*x - 3*x + 4*x + x. Give n(i).
-2
Let p(j) be the second derivative of -j**2 - 1/3*j**3 + 1/12*j**4 + 0 + 3*j. Calculate p(-2).
6
Let f(p) be the first derivative of p**3/3 - 7*p**2/2 + 6*p + 2. Let c(z) be the second derivative of z**3/6 + z**2/2 + 2*z. Let a be c(4). Calculate f(a).
-4
Let a(k) = -5 - 2*k + 3*k + 0*k + 4. Let w(g) = 6*g - 4. Let f(m) = -4*a(m) + w(m). Calculate f(5).
10
Let p(r) be the third derivative of r**5/60 + r**4/12 - 2*r**3/3 + 16*r**2. Give p(-6).
20
Let z(b) = b**2 - 4*b + 6. Suppose -6 + 2 = -2*t. Let m be ((-6)/(-5))/(t/5). Suppose 20 = 2*r - m*h, 4*r - h + 3*h = 8. Determine z(r).
6
Let q = -67 + 61. Let n(o) = -o**2 - 5*o - 3. Calculate n(q).
-9
Let o(d) = -d**3 - d + 5. Let v be (11/3 + -2)*3. Let y(r) = -r**2 + 6*r. Let m be y(v). Suppose -25 = -5*w, m*g - 2 + 7 = w. Determine o(g).
5
Let t(f) = -11*f**2 - 4*f + 1. Let l(v) = -10*v**2 - 3*v + 1. Let n(r) = -3*l(r) + 2*t(r). Determine n(1).
8
Let k(b) = -b**2 + 2*b**2 - b + 0*b - 4*b. Let c(r) = -r**3 + 6*r**2 + 9*r + 3. Let d be c(7). Suppose -z = 0, -3*z + 1 + d = 3*t. Calculate k(t).
6
Let f(q) = 9*q**2 + q - 1. Let d(s) = -s**2 + s - 1. Let a(j) = 2*d(j) - f(j). What is a(1)?
-11
Suppose 0 = -4*m - v + 16, -3*m + 4*v - 4 - 3 = 0. Let a(u) = m*u**2 + u**2 + 47 - 47. What is a(-1)?
4
Let m(r) be the second derivative of r**5/20 + r**4/2 - 7*r**3/6 + 7*r**2/2 + 33*r. Determine m(-7).
7
Let i(v) = -v**3 - v**2 - 6. Let z be i(0). Let q(d) = -d**2 - d + 1. Let c(f) = f**3 + 3*f**2 - 7*f + 8. Let n(t) = c(t) - 2*q(t). Give n(z).
0
Let j(u) = -u**2 + 5*u - 2. Let i be j(3). Let f(x) = 5*x**2 - 10*x + 3. Let k(h) = -4*h**2 + 9*h - 2. Let o(z) = i*k(z) + 3*f(z). Calculate o(5).
6
Let s(d) = 0*d - 31*d**2 + 30*d**2 - d - 1. Suppose -3*j = -5*c + 15, -2*c - 4 = -5*j - 29. Give s(c).
-1
Let u = -5 - -2. Let q(n) be the first derivative of 2*n**2 - n + 4. Determine q(u).
-13
Let a(s) be the second derivative of 0 + s**3 + 6*s - 3/2*s**2. Let l be (-32)/(-14) - (-4)/(-14). Give a(l).
9
Suppose -8 = 4*l + 4. Let x(z) be the second derivative of -z**5/20 - z**4/6 + z**3/3 + z**2/2 - 3*z. Let s be x(l). Let c(f) = -f**2 + 6*f - 5. Determine c(s).
3
Suppose 4*p + 6 - 24 = o, -2*o + 16 = 5*p. Let d(i) = i**3 - 6*i**2 + 6*i - 4. Calculate d(p).
-12
Let i(u) = -13*u - 6. Let k(y) = y + 1. Let c(t) = i(t) + 5*k(t). What is c(1)?
-9
Let m(q) = 2*q**2 - 3*q**2 - 3 + 10*q + 6 - 14. Determine m(9).
-2
Let s(r) = -4*r**2 + 3*r**2 - r**3 + 0 - 4 + 4*r**2 - 3*r. What is s(3)?
-13
Let c(u) be the first derivative of -u**4/24 - 2*u**3/3 - u**2 + 1. Let k(i) be the second derivative of c(i). Determine k(-5).
1
Let f(b) = b**3 + 478*b - 479*b - 1 - 3*b**3. What is f(-1)?
2
Let c(x) = x**3 + x**2 - 4. Let o be c(0). Let p(r) = r + 3. Calculate p(o).
-1
Let y(c) = c + 5. Suppose -2*w - 19 = -5*m, 0 = -2*w + 2*m - 1 - 3. Suppose -2 = w*j - j + f, 16 = 4*f. Calculate y(j).
2
Let s(g) be the second derivative of -g**5/20 + 5*g**4/12 - g**3/2 + 3*g**2 - 2*g. Calculate s(4).
10
Let a(g) = g. Let j(y) = -y**2 + 10*y - 5. Let u(k) = -3*a(k) + j(k). Determine u(4).
7
Let n(j) be the second derivative of -j**3/6 - j**2/2 - 6*j. Give n(3).
-4
Let s(k) = k**2 + k + 1. Let o(z) = 7*z**2 + 6*z + 5. Let a(x) = -o(x) + 6*s(x). What is a(1)?
0
Let x(c) be the first derivative of c**3/3 + 9*c**2/2 + c + 24. Determine x(-8).
-7
Let u = 3 - 0. Let j(n) = 4*n**u - 2*n**3 - n + 0*n**3 + 2*n**3. Suppose -b = 2*f + 3, -5*b + 3*b = 10. Calculate j(f).
3
Let d be -4*((-2)/(-8) + -2). Let o(v) be the second derivative of -v**4/12 + 3*v**3/2 - 5*v**2 - 104*v. Determine o(d).
4
Let s be (4/10)/((-2)/(-50)). Let q(a) = -2*a + 0 + 0 + s*a. Calculate q(-1).
-8
Let y(h) = -h - 1. Let s(v) = 7*v + 6. Let t(x) = -x**3 - x**2 + 3*x + 1. Let f be t(-2). Let j(z) = f*s(z) - 5*y(z). What is j(3)?
-7
Let h(z) = -7*z**2 - 5 + 3*z**2 + z - 2*z - z**3. Let t = -230 - -226. Calculate h(t).
-1
Let i(b) = -4*b**3 - 10*b**2 + b - 2. Let a(g) = -5*g**3 - 11*g**2 + 2*g - 2. Let w(p) = 3*a(p) - 4*i(p). What is w(-7)?
-12
Let x be 2/3 + (-51)/9. Let g(b) be the first derivative of b**5/60 + 5*b**4/24 - 2*b**3/3 + b**2/2 - 2. Let q(j) be the second derivative of g(j). Give q(x).
-4
Let q be (2 - 1)*-17 - 1. Let h be (-60)/q*(-3)/(-2). Suppose -o + 24 = -h*y, 4*y + 0 = o - 20. Let i(f) = f**3 - 3*f**2 - 3*f - 4. Calculate i(o).
0
Let y(j) = -2*j + 5. Let g = 1 - -9. Let w = g - 6. Give y(w).
-3
Let w(c) be the third derivative of c**4/8 - c**3/2 + c**2. Give w(3).
6
Let t be (0 - 3)*(-2 - -3). Let x(h) = h**3 - 4*h**2 + 3*h. Let l be x(2). Let v = t - l. Let i(b) = -4*b**3 - b**2 - 2*b - 1. Calculate i(v).
4
Let w(n) be the first derivative of -n**4/4 - 7*n**3/3 - 3*n**2 + 7*n + 1. What is w(-6)?
7
Let a = 3 - 3. Let s = 1 - a. Let t(f) = -3*f + 1. Let c be t(s). Let u(x) = -x**3 - x**2 - x + 1. Determine u(c).
7
Suppose 0 = -3*c + 5*b - 11, b - 2 = -5*c - 11. Let o(w) = -3*w. Give o(c).
6
Let r = -10 - -15. Let z = -21 + 24. Let y(c) = -6 + z*c - 1 + c**2 + r. What is y(-2)?
-4
Let t = 13 + -11. Suppose 5*g + 2 - 30 = t*z, 4*z = g - 20. Let u(p) = p. Determine u(z).
-4
Let y(g) = -3*g**3 + g**2 + 2 - 10*g**3 + 14*g**3 - 3*g. What is y(-3)?
-7
Let r(u) be the second derivative of u**4/12 + u**2 - u. Suppose x = -6*x - 21. Calculate r(x).
11
Let s(o) be the first derivative of o**3/3 + o**2/2 + 3*o + 1. Let y be 4*(4 + -1)/6. Let c = -2 + y. What is s(c)?
3
Let a(t) be the first derivative of t**5/10 - t**4/12 + t**3/6 + t**2/2 + 4*t - 3. Let x(m) be the first derivative of a(m). Give x(2).
15
Let m(c) = -c**3 + 4*c**2. Let s(k) = -k + 6*k**2 + 0*k - 6 + 4 + k**3. Let v = -6 - 0. Let n be s(v). What is m(n)?
0
Let h(t) = 6*t**2 + 3*t + 11. Let m(y) be the second derivative of 7*y**4/12 + y